24211/142 - q/((-4)/2)?
False
Suppose d + 4*d = 4*q + 1965, 3*d = 15. Let f = -253 - q. Is 6 a factor of f?
False
Suppose -17*c - 1920 = 1361. Let x = -116 - c. Suppose 3*r - x = 13. Is r even?
True
Suppose -101 + 113 = -6*p. Is 2 a factor of ((-693)/(-396))/(p/(-8))?
False
Let x = 342 - 265. Let r = 110 - x. Is r a multiple of 3?
True
Suppose -14*l - 52440 = -52*l. Is 7 a factor of (4 - l/16)*-8?
True
Suppose 87*j + 25515 = 4*k + 92*j, 0 = 3*k - j - 19141. Is 44 a factor of k?
True
Let w = 52 + -59. Let a = -5 - w. Suppose -a*u - 80 = -4*u. Is 8 a factor of u?
True
Let g be (36/45)/(1/1640). Suppose 47*j - 51*j = -g. Is 32 a factor of j?
False
Let a(v) = 77*v**2 + 12*v + 204. Is 49 a factor of a(-6)?
False
Is 101 a factor of ((-31945)/(-10))/((-1)/(9/(63/(-14))))?
False
Let s be (122/4)/(2/24 + (-92)/(-552)). Suppose -5*q + 196 = -714. Let l = q - s. Is 5 a factor of l?
True
Let c be 21/14 + (-20)/(-8). Suppose 0 = -c*o + 35*l - 37*l + 2988, -2231 = -3*o - 4*l. Does 19 divide o?
False
Suppose -20*i + 27*i = 3500. Suppose b + 36 = -3*v + 400, -i = -4*v - 5*b. Is v a multiple of 12?
True
Suppose -6*t + 9588 + 47776 = -34046. Is 51 a factor of t?
False
Suppose -1560483 = -70*g - 200103. Is g a multiple of 79?
True
Let h be (40/24)/(-3 + 56/18). Is (12/(-5))/(1/h*-2) a multiple of 18?
True
Let f(k) = 34*k**2 + 30*k - 101. Does 29 divide f(-15)?
False
Let d(n) = -2*n**2 - 15*n - 12. Let z be d(-8). Let s = z - -87. Suppose -43 = -3*f - c, 4*f - 3*c + 1 = s. Is f a multiple of 15?
True
Let h be (-11966)/(-2895) + 3/((-45)/2). Let q(r) = 7*r**3 + 10*r**2 + r - 14. Is q(h) a multiple of 23?
True
Suppose 7*f - 4390 = -3*t + 3*f, -4*t + 2*f = -5890. Is t a multiple of 10?
True
Let d = 57 - 37. Let i be ((-952)/d)/(((-14)/40)/(-7)). Is (i/12)/(16/(-6) + 2) a multiple of 19?
False
Suppose -58*n - 7720 = -55164. Does 108 divide n?
False
Suppose 147 + 9 = 3*z. Let j = -48 + z. Suppose w - 6*w = 4*c - 303, j*w = -c + 84. Is c a multiple of 12?
True
Suppose 0 = 3*c + l - 112, 3*c - 4*l = -0*l + 122. Suppose 2*b = 3*w + 173, -5*w - 439 = -5*b - 4*w. Let j = b - c. Is j a multiple of 10?
True
Let j be (4/(-16)*0)/(6 + -10). Suppose j = 3*s + 3*s - 7614. Is s a multiple of 9?
True
Let r = -264 + 283. Suppose -24*n = -r*n - 315. Is n a multiple of 2?
False
Let w(b) = b**3 + 12*b**2 + 15*b - 8. Let k be w(-10). Does 2 divide k/5*(-20)/(-12)?
True
Suppose -107*z + 20*z = -239424. Is z a multiple of 86?
True
Let t(j) = -4*j - 17. Let l(k) = 3*k + 17. Let g(n) = 3*l(n) + 2*t(n). Let y be g(-13). Suppose -3*b - 58 = -y*b - 4*z, -b - 3*z = -54. Is b a multiple of 5?
False
Let q(u) = -u**2 + u. Suppose -g - 8 = -7. Let t(c) = -c**2 - 2*c + 13. Let w(v) = g*t(v) - 2*q(v). Does 7 divide w(-7)?
False
Let a = 78 - 76. Suppose a*d - d = 5*d. Is 17 a factor of (-33)/(-1) - (-1 + d)?
True
Suppose y + 0*u = -5*u + 15, -2*y - 3*u + 37 = 0. Does 30 divide (-2 + -6)*((-275)/y - 6)?
False
Let d(l) = -l**2 - 34*l - 46. Let p be d(-23). Suppose 0 = -4*t - s + p, 0 = t + 2*s + 22 - 72. Suppose -t = 5*k - 457. Does 27 divide k?
True
Suppose 3*q - 60520 = -2*a, -108*q - 5*a = -105*q - 60517. Is 14 a factor of q?
True
Let g = 13872 + -9088. Is 46 a factor of g?
True
Let b be 14/(-3)*3/(-2). Let t(q) be the second derivative of q**4/4 - q**3 + 5*q**2/2 + 2*q + 20. Is t(b) a multiple of 22?
True
Let x(w) be the first derivative of -w**2 - 2*w - 1373. Suppose -84 - 11 = 5*h. Is x(h) a multiple of 9?
True
Let o = 99 + -5. Suppose v = -2*i + o, 2*v + v - 4*i - 272 = 0. Suppose 91*f - v*f = -175. Does 32 divide f?
False
Let r = 42837 - -21612. Is 279 a factor of r?
True
Let l(c) = c**3 - 15*c**2 + 10*c + 7. Let k be l(14). Let i be (59 + 2)/((-3)/((-6)/2)). Let g = i + k. Is 3 a factor of g?
True
Suppose 4*k - 43 = 21. Suppose 0 = 3*n - j - j - 16, 4*j = k. Suppose n*o - 12*o + 64 = 0. Does 2 divide o?
True
Let j be (0/(-4))/((-3)/((-3)/(-2))). Suppose 2*l - 119 - 85 = j. Is l a multiple of 12?
False
Let y be (-3*5/45)/(2/(-5262)). Suppose -2*s - 126 = 4*p - 1298, 3*p - y = -2*s. Is p a multiple of 59?
True
Suppose 7*d + 19 = 6*d. Let y = d - -29. Let t(w) = 3*w + 28. Is 23 a factor of t(y)?
False
Let j = -15309 - -22862. Is 13 a factor of j?
True
Suppose 3*c - 17*p + 14*p = 486, 4*c - 646 = 5*p. Suppose 346 = 3*a - o - c, -2*o = 0. Is a a multiple of 10?
True
Let n(u) = -u**3 - 6*u**2 + 10*u. Suppose 73 - 9 = -8*r. Let w be n(r). Is (216/w)/(((-10)/156)/(-5)) a multiple of 14?
False
Let y(j) = 4*j**3 + 214*j**2 + 72*j - 603. Is 12 a factor of y(-52)?
False
Let s = -531 - -185. Let q = s + 425. Does 28 divide q?
False
Let s(m) = 525*m - 24. Let g be s(3). Let x = g + -825. Is 66 a factor of x?
True
Let u be (0 - 23)/(7/(-581)). Let r = u - 1360. Is 61 a factor of r?
True
Let g(d) = -263*d + 3954. Is g(-3) a multiple of 51?
True
Let k(d) = 4*d**2 - 14*d + 3. Let z be k(11). Suppose -8*r + 989 = z. Is (r - 0) + -2 + -1 + 7 a multiple of 12?
False
Let p = -12 - -16. Is 41 a factor of 164/(-6)*(-66)/p?
True
Does 104 divide (-24383)/(-3) + (-50)/(-15) + -5 - 1?
False
Let k = 139 - 45. Let n(z) = -110*z + 1144. Let v be n(11). Let d = v + k. Is 3 a factor of d?
False
Suppose 5*j = -5*g - 5, -2*g + 1 = 6*j + 15. Is 1419/7 + j + (-4)/(-14) a multiple of 84?
False
Let f be (240/(-360))/(-1 + (-10634)/(-10638)). Suppose 17*g = 5367 + f. Does 35 divide g?
True
Does 38 divide 357/102*(-8)/14 - -192?
True
Suppose -c + 35296 = -3*y, 2*y - 12050 = c - 47341. Is 17 a factor of c?
False
Let f(b) = 2*b**2 - 5*b + 7. Let r(p) = -3*p**2 + 9*p - 15. Let i(d) = 5*f(d) + 3*r(d). Let a(y) = y**3 - 8*y**2 + 2*y - 6. Let w be a(8). Does 10 divide i(w)?
True
Let g(j) = 71*j + 1. Let l be 0/((4 - 3) + 1). Let y = l - -1. Is g(y) a multiple of 18?
True
Is -6*(-42580)/88 + (-26)/143 a multiple of 30?
False
Let b(k) = 14*k + 188. Let g be b(-4). Is (864/10)/(g/330) a multiple of 3?
True
Suppose 3*p - 101 = 4*c, -6*c + 3*c = 5*p - 120. Is 3 + (-5 - -5) + p a multiple of 10?
True
Suppose -19*a - 11931 = 32833. Let p = -1411 - a. Does 15 divide p?
True
Let x = -24 - -28. Suppose -x*r = r. Suppose -6*f + 67 + 107 = r. Is f a multiple of 18?
False
Let w = 21004 + -14650. Is w a multiple of 6?
True
Let g(n) = -6*n + 132. Let q be g(35). Is 31 a factor of (40/(-10))/(1/q)?
False
Let o(x) = x**3 - 12*x**2 + 2*x - 10. Let z be o(12). Let k(t) = -t**2 + 3*t - 24. Let a be k(z). Let w = -94 - a. Is 21 a factor of w?
True
Let r = 66 + -33. Let u = r + -31. Suppose -u*b + 38 = -j, -4*j - 72 - 8 = -4*b. Is 5 a factor of b?
False
Let t = -81 - -325. Suppose -2*m = 5*u - 166, 3*m + 5*u - t = -0*m. Is m a multiple of 17?
False
Suppose 5*b = -74 + 79. Suppose v + 13 = 2*a - 0, -b = -4*a - 3*v. Is 3*(-2)/a*(-92)/6 a multiple of 23?
True
Let f(a) = -a**3 + 5*a**2 - a + 1. Let c be f(2). Let z(n) = n**2 - 15*n + 36. Let x be z(c). Is 4 a factor of x/10*(0 + -3 - 37)?
True
Suppose 198576 = -278*o + 362*o. Is 27 a factor of o?
False
Let z(n) = -3*n**3 - 5*n - 10. Let i = -147 - -151. Let q be (2 - i) + 4 + 1 + -6. Is z(q) a multiple of 3?
False
Suppose -4791 + 1151 = -7*q. Suppose o + 304 = n + 2*n, -o + q = 5*n. Does 8 divide n?
False
Let i be (32/28)/((-2)/(-7)). Let h = i - 6. Does 20 divide (34 + h)/(2/5)?
True
Suppose -6*f = -5 - 151. Suppose 5*m + 6 = f. Suppose 0 = -0*k + m*k - 492. Is 10 a factor of k?
False
Suppose h - 11279 = -w, 72*w = 3*h + 76*w - 33840. Does 121 divide h?
False
Let o be ((-2 - -5) + 7)*(-1)/(-2). Suppose b + 3*n - 4 - o = 0, 0 = -5*b - 3*n + 21. Suppose -w = 2*w - 2*a - 13, w = -b*a - 3. Is 3 a factor of w?
True
Let x(j) = 2*j**2 + 100*j + 62. Is 60 a factor of x(23)?
True
Suppose 5*n = 3*c + 10*n + 17, c = -2*n - 7. Let k = 955 - c. Does 18 divide k?
True
Let r(b) = -2*b - 2. Let f = 140 + -96. Let n = -55 + f. Is 10 a factor of r(n)?
True
Suppose 2*r = 0, -2*r + 14 + 38 = -4*g. Let b be (0 - (3 + g))/2. Suppose b*l + 232 = 3*v, -264 = -5*v - l + 132. Is 16 a factor of v?
False
Suppose -314 = 23*v - 46958. Does 156 divide v?
True
Let c(x) = 4961*x - 711. Is c(1) a multiple of 4?
False
Suppose -8*p - 1719 = 9137. Let m = -943 - p. Is 46 a factor of m?
True
Is 3695565/65 + (-270)/(-1755) a multiple of 137?
True
Let t(b) = -4*b + 76. Let u be (18/(-4))/(8/(-144)*-9). Is 14 a factor of t(u)?
True
Let i(j) = -35*j 